	{"id":186,"date":"2013-01-18T19:40:34","date_gmt":"2013-01-18T18:40:34","guid":{"rendered":"http:\/\/bonycom.hu\/?page_id=186"},"modified":"2013-03-18T09:31:44","modified_gmt":"2013-03-18T08:31:44","slug":"piac-uzemeltetes","status":"publish","type":"page","link":"http:\/\/bonycom.hu\/old\/tevekenysegeink\/piac-uzemeltetes\/","title":{"rendered":"Piac \u00fczemeltet\u00e9s"},"content":{"rendered":"<p>A v\u00e1s\u00e1rokr\u00f3l \u00e9s piacokr\u00f3l sz\u00f3l\u00f3 \u2013 t\u00f6bbsz\u00f6r m\u00f3dos\u00edtott &#8211; 35\/1995.(IV.5.) Korm.rendelet 5.\u00a7 (1) bekezd\u00e9se \u00e9rtelm\u00e9ben a BONYCOM Kft.\u00fczemeltet\u00e9s\u00e9ben m\u0171k\u00f6d\u0151 Bonyh\u00e1d R\u00e1k\u00f3czi utcai piac h\u00e1zirendj\u00e9t az \u00fczemeltet\u0151 az al\u00e1bbiak szerint \u00e1llap\u00edtja meg:<\/p>\r\n<ol>\r\n<li>A piaci rend megtart\u00e1sa az ott jelen l\u00e9v\u0151 valamennyi szem\u00e9ly k\u00f6telezetts\u00e9ge.<\/li>\r\n<li>A piacon csak az \u00fczemeltet\u0151 \u00e1ltal kijel\u00f6lt helyen, az \u00e1ltala kiadott eseti vagy tart\u00f3s helyhaszn\u00e1lati\/b\u00e9rleti szerz\u0151d\u00e9s alapj\u00e1n szabad \u00e1rus\u00edtani. <br \/>A helyhaszn\u00e1l\u00f3\/b\u00e9rl\u0151 az \u00fczemeltet\u0151 vagy megb\u00edzottja felh\u00edv\u00e1s\u00e1ra helyhaszn\u00e1l\u00f3i min\u0151s\u00e9g\u00e9t hitelt \u00e9rdeml\u0151en igazolni k\u00f6teles. <br \/>A tart\u00f3s helyhaszn\u00e1lati enged\u00e9ly legal\u00e1bb h\u00e1rom havi b\u00e9rleti d\u00edj kifizet\u00e9se eset\u00e9n ker\u00fcl kiad\u00e1sra, ez esetben a b\u00e9rleti d\u00edj befizet\u00e9se a negyed\u00e9v els\u0151 h\u00f3napj\u00e1nak 15. napj\u00e1ig esed\u00e9kes.<br \/>Tart\u00f3s b\u00e9rlet eset\u00e9n a b\u00e9relt helyeket 7 \u00f3r\u00e1ig lehet elfoglalni, a tart\u00f3s b\u00e9rlettel nem rendelkez\u0151 helyekn\u00e9l a helyfoglal\u00e1s \u00e9rkez\u00e9si sorrendben t\u00f6rt\u00e9nik.<br \/>Telep\u00edtett \u00e1rus\u00edt\u00f3helyek eset\u00e9n a tart\u00f3s b\u00e9rlet d\u00edj\u00e1t kedd \u00e9s p\u00e9nteki napokon is be kell fizetni.<\/li>\r\n<li>Aki a piacon \u00e9rt\u00e9kes\u00edt \u00e9s nincs \u00e9rv\u00e9nyes napijegye vagy helyhaszn\u00e1lati\/b\u00e9rleti szerz\u0151d\u00e9se (avagy azt az \u00fczemeltet\u0151 k\u00e9pvisel\u0151j\u00e9nek felsz\u00f3l\u00edt\u00e1sra nem mutatja fel) azonnal k\u00f6teles elhagyni a piac ter\u00fclet\u00e9t.<\/li>\r\n<li>Mind az eseti, mind a tart\u00f3s helyhaszn\u00e1l\u00f3\/b\u00e9rl\u0151 az \u00e1ltala jogszer\u0171en elfoglalt helyet (helyis\u00e9get) csak rendeltet\u00e9s\u00e9nek megfelel\u0151en haszn\u00e1lhatja. Ennek megszeg\u00e9se \u00e9s az \u00fczemeltet\u0151 &#8211; k\u00e9pvisel\u0151je &#8211; \u00e1ltal felsz\u00f3l\u00edt\u00e1s ellen\u00e9re val\u00f3 fenntart\u00e1sa a helyhaszn\u00e1lati jog azonnali megvon\u00e1s\u00e1t eredm\u00e9nyezi.<\/li>\r\n<li>A helyhaszn\u00e1l\u00f3\/b\u00e9rl\u0151 \u00e1ltal haszn\u00e1lt piaci l\u00e9tes\u00edtm\u00e9ny, berendez\u00e9s megv\u00e1ltoztat\u00e1s\u00e1hoz vagy egy\u00e9b \u00e9p\u00edt\u00e9si tev\u00e9kenys\u00e9ghez az \u00fczemeltet\u0151 el\u0151zetes \u00edr\u00e1sbeli hozz\u00e1j\u00e1rul\u00e1s\u00e1t kell k\u00e9rni. Az ennek hi\u00e1ny\u00e1ban v\u00e9gzett \u00e9p\u00edt\u00e9s, v\u00e1ltoztat\u00e1s k\u00e1rt\u00e9r\u00edt\u00e9si k\u00f6telezetts\u00e9ggel j\u00e1r, valamint a helyhaszn\u00e1l\u00f3 az eredeti \u00e1llapotot is k\u00f6teles saj\u00e1t k\u00f6lts\u00e9g\u00e9re \u00e9s vesz\u00e9ly\u00e9re vissza\u00e1ll\u00edtani.<\/li>\r\n<li>Az \u00e1rus\u00edt\u00f3helyek k\u00f6rny\u00e9k\u00e9t, a k\u00f6zleked\u00e9si utakat, folyos\u00f3kat \u00e1ruval, haszn\u00e1laton k\u00edv\u00fcli g\u00f6ngy\u00f6leggel \u00e9s egy\u00e9b eszk\u00f6z\u00f6kkel elfoglalni tilos.<\/li>\r\n<li>A piac ter\u00fclet\u00e9re \u00e1llatot \u00e9s ker\u00e9kp\u00e1rt bevinni tilos.<\/li>\r\n<li>A szakvizsg\u00e1latra szorul\u00f3 \u00e1rut, amennyiben gazd\u00e1ja annak hat\u00f3s\u00e1gi vizsg\u00e1lat\u00e1t nem tudja igazolni, vizsg\u00e1latra be kell mutatni. \u00c9l\u0151 v\u00e1g\u00f3baromfi, ny\u00fal \u00e9s hal, valamint v\u00e1gott baromfi \u00e9s jogszab\u00e1lyokban enged\u00e9lyezett egy\u00e9b \u00e1llati eredet\u0171 term\u00e9k csak az \u00e1llateg\u00e9szs\u00e9g\u00fcgyi hat\u00f3s\u00e1gnak t\u00f6rt\u00e9nt el\u0151zetes bemutat\u00e1sa ut\u00e1n, annak vizsg\u00e1lata \u00e9s enged\u00e9lye birtok\u00e1ban forgalmazhat\u00f3.<\/li>\r\n<li>Az \u00fczemeltet\u0151 k\u00e9pvisel\u0151je ellen\u0151rizheti a piacra bevitt \u00e9s ott forgalmazott \u00e1ruk min\u0151s\u00e9g\u00e9t, oszt\u00e1lyba sorol\u00e1s\u00e1t, valamint valamennyi, a keresked\u00e9s rendj\u00e9t szab\u00e1lyoz\u00f3 jogszab\u00e1lyi el\u0151\u00edr\u00e1s betart\u00e1s\u00e1t.<\/li>\r\n<li>Az \u00fczemeltet\u0151 k\u00e9pvisel\u0151je \u00e1rumint\u00e1t vehet, amelyet szak\u00e9rt\u0151vel megvizsg\u00e1ltat, \u00e9s a romlottnak t\u0171n\u0151 \u00e1ru forgalomba hozatal\u00e1t a szak\u00e9rt\u0151i vizsg\u00e1lat elv\u00e9gz\u00e9s\u00e9ig megtilthatja. A vizsg\u00e1lat eredm\u00e9nyek\u00e9ppen v\u00e9gleg megtilthatja a romlott \u00e1ru forgalomba hozatal\u00e1t, azt z\u00e1r al\u00e1 veheti, lefoglalhatja, s\u00falyos esetben megsemmis\u00edtheti \u00e9s err\u0151l jegyz\u0151k\u00f6nyvet k\u00e9sz\u00edt.<\/li>\r\n<li>A piac nyitvatart\u00e1si ideje:<br \/>Kedd: 5.00 \u2013 14.00 \u00f3ra k\u00f6z\u00f6tt<br \/>P\u00e9ntek: 5.00 \u2013 14.00 \u00f3ra k\u00f6z\u00f6tt<\/li>\r\n<li>A piac nyitva tart\u00e1s\u00e1t\u00f3l elt\u00e9r\u0151 nyitva tart\u00e1s csak az \u00fczemeltet\u0151 hozz\u00e1j\u00e1rul\u00e1s\u00e1val lehets\u00e9ges. Ez a hozz\u00e1j\u00e1rul\u00e1s nem p\u00f3tolhatja a jogszab\u00e1lyi felt\u00e9teleket.<\/li>\r\n<li>A piacon elhelyezett \u00e1ru meg\u0151rz\u00e9se, kezel\u00e9se \u00e9s t\u00e1rol\u00e1sa a helyhaszn\u00e1l\u00f3\/b\u00e9rl\u0151 feladata. Az \u00e1ruban bek\u00f6vetkez\u0151 k\u00e1r\u00e9rt az \u00fczemeltet\u0151t csak akkor terheli felel\u0151ss\u00e9g, ha azt jegyz\u00e9k alapj\u00e1n a helyhaszn\u00e1l\u00f3t\u00f3l\/b\u00e9rl\u0151t\u0151l meg\u0151rz\u00e9sre \u00e1tvette.<\/li>\r\n<li>Azok, akik z\u00f6lds\u00e9g-, gy\u00fcm\u00f6lcsf\u00e9l\u00e9t, takarm\u00e1nyt hoznak forgalomba, k\u00f6telesek a vizsg\u00e1latot v\u00e9gz\u0151nek a vegyszeres n\u00f6v\u00e9nyv\u00e9delemr\u0151l vezetett napl\u00f3t bemutatni, \u00e9s vizsg\u00e1latra ingyenes term\u00e9nymint\u00e1t adni.<\/li>\r\n<li>Az \u00fczemeltet\u0151 jogosult elrendelni az \u00e1rus\u00edt\u00f3helyeken a k\u00e1rtev\u0151 irt\u00e1st, \u00e9s a helyhaszn\u00e1l\u00f3t\/b\u00e9rl\u0151t felsz\u00f3l\u00edtani az \u00e1rus\u00edt\u00f3hely takar\u00edt\u00e1s\u00e1ra.<\/li>\r\n<li>A helyhaszn\u00e1l\u00f3\/b\u00e9rl\u0151 az \u00e1rus\u00edt\u00f3helyen \u00e9s annak k\u00f6zvetlen k\u00f6rny\u00e9k\u00e9n k\u00f6teles minden szemetet \u00e9s hullad\u00e9kot az \u00e1rus\u00edt\u00e1s ideje alatt folyamatosan \u00f6sszetakar\u00edtani \u00e9s a kijel\u00f6lt t\u00e1rol\u00f3ba tenni.<\/li>\r\n<li>A romlott vagy roml\u00e1snak indult \u00e9s egy\u00e9b okokb\u00f3l b\u0171zt terjeszt\u0151 \u00e1rut, anyagot a piac ter\u00fclet\u00e9re bevinni, ott t\u00e1rolni tilos.<\/li>\r\n<li>Az \u00fczemeltet\u0151 jogosult ellen\u0151rizni a szakhat\u00f3s\u00e1gi (t\u0171zv\u00e9delmi, eg\u00e9szs\u00e9g\u00fcgyi, vagyonv\u00e9delmi, munkav\u00e9delmi stb.) el\u0151\u00edr\u00e1sok betart\u00e1s\u00e1t.<\/li>\r\n<li>A piac ter\u00fclet\u00e9n l\u00e9v\u0151 \u00fczlethelyis\u00e9gekben a b\u00e9rl\u0151 k\u00f6teles elhelyezni ABC t\u00edpus\u00fa porral olt\u00f3 k\u00e9sz\u00fcl\u00e9ket, annak el\u0151\u00edr\u00e1s szerinti fel\u00fclvizsg\u00e1lat\u00e1r\u00f3l gondoskodni, \u00e9s az err\u0151l sz\u00f3l\u00f3 igazol\u00e1st az \u00fczemeltet\u00e9si irod\u00e1ba bemutatni.<\/li>\r\n<li>A piac ter\u00fclet\u00e9n g\u00e1zpalackot \u00fczemeltetni csak el\u0151zetes szakhat\u00f3s\u00e1gi enged\u00e9ly alapj\u00e1n lehet. A szakszer\u0171tlen \u00fczemeltet\u00e9s miatti k\u00e1rok\u00e9rt a piac \u00fczemeltet\u0151je nem v\u00e1llal felel\u0151ss\u00e9get.<\/li>\r\n<li>A piac ter\u00fclet\u00e9n m\u0171k\u00f6d\u0151 b\u00fcf\u00e9k, s\u00fct\u00f6d\u00e9k b\u00e9rl\u0151i k\u00f6telesek a t\u0171z terjed\u00e9s\u00e9t megakad\u00e1lyoz\u00f3 \u00fan. takar\u00f3ponyv\u00e1t beszerezni \u00e9s a nyitva tart\u00e1s ideje alatt a t\u0171zhely k\u00f6zel\u00e9ben k\u00e9szenl\u00e9tben tartani.<\/li>\r\n<li>A piaci h\u00e1zirend szab\u00e1lyainak megszeg\u00e9se miatt az \u00fczemeltet\u0151 jogosult p\u00f3td\u00edj beszed\u00e9s\u00e9re, a helyhaszn\u00e1lati\/b\u00e9rleti enged\u00e9ly visszavon\u00e1s\u00e1ra \u00e9s a szab\u00e1lys\u00e9rt\u00e9si elj\u00e1r\u00e1s lefolytat\u00e1sa ir\u00e1nti int\u00e9zked\u00e9sre. (K\u00fcl\u00f6n\u00f6s tekintettel az \u00e1rus\u00edt\u00f3hely \u00e9s k\u00f6rny\u00e9ke tiszt\u00e1ntart\u00e1s\u00e1ra illetve a k\u00f6zleked\u00e9si utak \u00e1ruval, g\u00f6ngy\u00f6leggel val\u00f3 elfoglal\u00e1s\u00e1ra.)<br \/>A p\u00f3td\u00edj m\u00e9rt\u00e9ke. 10.000.- Ft + \u00c1fa\/alkalom.<\/li>\r\n<li>Az \u00fczemeltet\u0151 gondoskodik a piac rendj\u00e9nek betart\u00e1s\u00e1r\u00f3l, \u00fatjainak, k\u00f6z\u00f6s haszn\u00e1lat\u00fa helyis\u00e9geinek a tiszt\u00e1n tart\u00e1s\u00e1r\u00f3l, a k\u00f6z\u00f6s haszn\u00e1lat\u00fa terek vil\u00e1g\u00edt\u00e1s\u00e1r\u00f3l, k\u00f6zhaszn\u00e1lat\u00fa v\u00edzvezet\u00e9kr\u0151l, a kijel\u00f6lt k\u00f6z\u00f6s t\u00e1rol\u00f3-helyeken felgy\u00fclemlett szem\u00e9t elsz\u00e1ll\u00edt\u00e1s\u00e1r\u00f3l \u00e9s a sz\u00fcks\u00e9ges fert\u0151tlen\u00edt\u00e9sr\u0151l, valamint a hat\u00f3s\u00e1gi vizsg\u00e1latok elv\u00e9gz\u00e9s\u00e9hez sz\u00fcks\u00e9ges helyis\u00e9g biztos\u00edt\u00e1s\u00e1r\u00f3l.<\/li>\r\n<li>Az \u00fczemeltet\u0151 egy\u00e9b szolg\u00e1ltat\u00e1sokat: eszk\u00f6zk\u00f6lcs\u00f6nz\u00e9st, csomagmeg\u0151rz\u00e9st, villamos energi\u00e1t, v\u00edzszolg\u00e1ltat\u00e1st is ny\u00fajthat, k\u00fcl\u00f6n d\u00edjaz\u00e1s ellen\u00e9ben.<\/li>\r\n<li>A doh\u00e1nyz\u00e1s csak a kijel\u00f6lt helyen megengedett.<\/li>\r\n<li>A m\u00e1snak okozott k\u00e1r\u00e9rt a helyhaszn\u00e1l\u00f3\/b\u00e9rl\u0151 a saj\u00e1t felel\u0151ss\u00e9gbiztos\u00edt\u00e1sa alapj\u00e1n tartozik felel\u0151ss\u00e9ggel.<\/li>\r\n<li>Az \u00e9rv\u00e9nyben l\u00e9v\u0151 b\u00e9rleti\/haszn\u00e1lati d\u00edj \u00f6sszege. 200.- Ft + 25 % \u00c1fa = 250.- Ft\/fm, g\u00e9pj\u00e1rm\u0171 helyfoglal\u00e1s d\u00edja: 416.- Ft + 25 % \u00c1fa = 520.- Ft\/db\/nap.<\/li>\r\n<li>Piaci \u00fcgyint\u00e9z\u00e9sek, b\u00e9rletfizet\u00e9s piaci napokon 6-7 \u00f3ra k\u00f6z\u00f6tti id\u0151pontokban,a napi d\u00edjszed\u00e9s kezd\u0151 id\u0151pontja: 7 \u00f3r\u00e1t\u00f3l kezd\u0151d\u0151en folyamatosan t\u00f6rt\u00e9nik. A d\u00edjbeszed\u00e9sre jogosult munkav\u00e1llal\u00f3k arck\u00e9pes igazolv\u00e1nnyal rendelkeznek, ellen\u0151rz\u00e9sre jogosult az \u00fczemeltet\u0151 \u00fcgyvezet\u0151 igazgat\u00f3ja illetve gazdas\u00e1gi igazgat\u00f3ja.<\/li>\r\n<\/ol>","protected":false},"excerpt":{"rendered":"A v\u00e1s\u00e1rokr\u00f3l \u00e9s piacokr\u00f3l sz\u00f3l\u00f3 \u2013 t\u00f6bbsz\u00f6r m\u00f3dos\u00edtott &#8211; 35\/1995.(IV.5.) Korm.rendelet 5.\u00a7 (1) bekezd\u00e9se \u00e9rtelm\u00e9ben a BONYCOM Kft.\u00fczemeltet\u00e9s\u00e9ben m\u0171k\u00f6d\u0151 Bonyh\u00e1d R\u00e1k\u00f3czi utcai piac h\u00e1zirendj\u00e9t az \u00fczemeltet\u0151 az al\u00e1bbiak szerint \u00e1llap\u00edtja meg: A piaci rend megtart\u00e1sa az ott jelen l\u00e9v\u0151 valamennyi<span class=\"ellipsis\">&hellip;<\/span><div class=\"read-more\"><a href=\"http:\/\/bonycom.hu\/old\/tevekenysegeink\/piac-uzemeltetes\/\">Tov\u00e1bb \u203a<\/a><\/div><!-- end of .read-more -->","protected":false},"author":3,"featured_media":0,"parent":174,"menu_order":0,"comment_status":"closed","ping_status":"closed","template":"","meta":{"_monsterinsights_skip_tracking":false,"_monsterinsights_sitenote_active":false,"_monsterinsights_sitenote_note":"","_monsterinsights_sitenote_category":0,"footnotes":""},"class_list":["post-186","page","type-page","status-publish","hentry"],"yoast_head":"<!-- This site is optimized with the Yoast SEO plugin v26.6 - https:\/\/yoast.com\/wordpress\/plugins\/seo\/ -->\n<title>Piac \u00fczemeltet\u00e9s - Bonycom - Bonyh\u00e1di K\u00f6z\u00fczemi Nonprofit Kft.<\/title>\n<meta name=\"robots\" content=\"index, follow, max-snippet:-1, max-image-preview:large, max-video-preview:-1\" \/>\n<link rel=\"canonical\" href=\"http:\/\/bonycom.hu\/old\/tevekenysegeink\/piac-uzemeltetes\/\" \/>\n<meta property=\"og:locale\" content=\"hu_HU\" \/>\n<meta property=\"og:type\" content=\"article\" \/>\n<meta property=\"og:title\" content=\"Piac \u00fczemeltet\u00e9s - Bonycom - Bonyh\u00e1di K\u00f6z\u00fczemi Nonprofit Kft.\" \/>\n<meta property=\"og:description\" content=\"A v\u00e1s\u00e1rokr\u00f3l \u00e9s piacokr\u00f3l sz\u00f3l\u00f3 \u2013 t\u00f6bbsz\u00f6r m\u00f3dos\u00edtott &#8211; 35\/1995.(IV.5.) Korm.rendelet 5.\u00a7 (1) bekezd\u00e9se \u00e9rtelm\u00e9ben a BONYCOM Kft.\u00fczemeltet\u00e9s\u00e9ben m\u0171k\u00f6d\u0151 Bonyh\u00e1d R\u00e1k\u00f3czi utcai piac h\u00e1zirendj\u00e9t az \u00fczemeltet\u0151 az al\u00e1bbiak szerint \u00e1llap\u00edtja meg: A piaci rend megtart\u00e1sa az ott jelen l\u00e9v\u0151 valamennyi&hellip;Tov\u00e1bb \u203a\" \/>\n<meta property=\"og:url\" content=\"http:\/\/bonycom.hu\/old\/tevekenysegeink\/piac-uzemeltetes\/\" \/>\n<meta property=\"og:site_name\" content=\"Bonycom - Bonyh\u00e1di K\u00f6z\u00fczemi Nonprofit Kft.\" \/>\n<meta property=\"article:modified_time\" content=\"2013-03-18T08:31:44+00:00\" \/>\n<meta name=\"twitter:label1\" content=\"Becs\u00fclt olvas\u00e1si id\u0151\" \/>\n\t<meta name=\"twitter:data1\" content=\"7 perc\" \/>\n<!-- \/ Yoast SEO plugin. -->","yoast_head_json":{"title":"Piac \u00fczemeltet\u00e9s - Bonycom - Bonyh\u00e1di K\u00f6z\u00fczemi Nonprofit Kft.","robots":{"index":"index","follow":"follow","max-snippet":"max-snippet:-1","max-image-preview":"max-image-preview:large","max-video-preview":"max-video-preview:-1"},"canonical":"http:\/\/bonycom.hu\/old\/tevekenysegeink\/piac-uzemeltetes\/","og_locale":"hu_HU","og_type":"article","og_title":"Piac \u00fczemeltet\u00e9s - Bonycom - Bonyh\u00e1di K\u00f6z\u00fczemi Nonprofit Kft.","og_description":"A v\u00e1s\u00e1rokr\u00f3l \u00e9s piacokr\u00f3l sz\u00f3l\u00f3 \u2013 t\u00f6bbsz\u00f6r m\u00f3dos\u00edtott &#8211; 35\/1995.(IV.5.) Korm.rendelet 5.\u00a7 (1) bekezd\u00e9se \u00e9rtelm\u00e9ben a BONYCOM Kft.\u00fczemeltet\u00e9s\u00e9ben m\u0171k\u00f6d\u0151 Bonyh\u00e1d R\u00e1k\u00f3czi utcai piac h\u00e1zirendj\u00e9t az \u00fczemeltet\u0151 az al\u00e1bbiak szerint \u00e1llap\u00edtja meg: A piaci rend megtart\u00e1sa az ott jelen l\u00e9v\u0151 valamennyi&hellip;Tov\u00e1bb \u203a","og_url":"http:\/\/bonycom.hu\/old\/tevekenysegeink\/piac-uzemeltetes\/","og_site_name":"Bonycom - Bonyh\u00e1di K\u00f6z\u00fczemi Nonprofit Kft.","article_modified_time":"2013-03-18T08:31:44+00:00","twitter_misc":{"Becs\u00fclt olvas\u00e1si id\u0151":"7 perc"},"schema":{"@context":"https:\/\/schema.org","@graph":[{"@type":"WebPage","@id":"http:\/\/bonycom.hu\/old\/tevekenysegeink\/piac-uzemeltetes\/","url":"http:\/\/bonycom.hu\/old\/tevekenysegeink\/piac-uzemeltetes\/","name":"Piac \u00fczemeltet\u00e9s - Bonycom - Bonyh\u00e1di K\u00f6z\u00fczemi Nonprofit Kft.","isPartOf":{"@id":"https:\/\/bonycom.hu\/old\/#website"},"datePublished":"2013-01-18T18:40:34+00:00","dateModified":"2013-03-18T08:31:44+00:00","breadcrumb":{"@id":"http:\/\/bonycom.hu\/old\/tevekenysegeink\/piac-uzemeltetes\/#breadcrumb"},"inLanguage":"hu","potentialAction":[{"@type":"ReadAction","target":["http:\/\/bonycom.hu\/old\/tevekenysegeink\/piac-uzemeltetes\/"]}]},{"@type":"BreadcrumbList","@id":"http:\/\/bonycom.hu\/old\/tevekenysegeink\/piac-uzemeltetes\/#breadcrumb","itemListElement":[{"@type":"ListItem","position":1,"name":"Home","item":"https:\/\/bonycom.hu\/old\/"},{"@type":"ListItem","position":2,"name":"Tev\u00e9kenys\u00e9geink","item":"https:\/\/bonycom.hu\/old\/tevekenysegeink\/"},{"@type":"ListItem","position":3,"name":"Piac \u00fczemeltet\u00e9s"}]},{"@type":"WebSite","@id":"https:\/\/bonycom.hu\/old\/#website","url":"https:\/\/bonycom.hu\/old\/","name":"Bonycom - Bonyh\u00e1di K\u00f6z\u00fczemi Nonprofit Kft.","description":"","inLanguage":"hu"}]}},"_links":{"self":[{"href":"http:\/\/bonycom.hu\/old\/wp-json\/wp\/v2\/pages\/186","targetHints":{"allow":["GET"]}}],"collection":[{"href":"http:\/\/bonycom.hu\/old\/wp-json\/wp\/v2\/pages"}],"about":[{"href":"http:\/\/bonycom.hu\/old\/wp-json\/wp\/v2\/types\/page"}],"author":[{"embeddable":true,"href":"http:\/\/bonycom.hu\/old\/wp-json\/wp\/v2\/users\/3"}],"replies":[{"embeddable":true,"href":"http:\/\/bonycom.hu\/old\/wp-json\/wp\/v2\/comments?post=186"}],"version-history":[{"count":4,"href":"http:\/\/bonycom.hu\/old\/wp-json\/wp\/v2\/pages\/186\/revisions"}],"predecessor-version":[{"id":438,"href":"http:\/\/bonycom.hu\/old\/wp-json\/wp\/v2\/pages\/186\/revisions\/438"}],"up":[{"embeddable":true,"href":"http:\/\/bonycom.hu\/old\/wp-json\/wp\/v2\/pages\/174"}],"wp:attachment":[{"href":"http:\/\/bonycom.hu\/old\/wp-json\/wp\/v2\/media?parent=186"}],"curies":[{"name":"wp","href":"https:\/\/api.w.org\/{rel}","templated":true}]}}