	{"id":192,"date":"2013-01-18T19:45:16","date_gmt":"2013-01-18T18:45:16","guid":{"rendered":"http:\/\/bonycom.hu\/?page_id=192"},"modified":"2025-03-17T15:12:57","modified_gmt":"2025-03-17T14:12:57","slug":"dokumentumtar","status":"publish","type":"page","link":"http:\/\/bonycom.hu\/old\/kozbeszerzes\/dokumentumtar\/","title":{"rendered":"Dokumentumt\u00e1r"},"content":{"rendered":"<p><strong>Piac parkol\u00f3 &#8211;\u00a0V\u00e1llalkoz\u00e1si szerz\u0151d\u00e9s m\u00f3dos\u00edt\u00e1s<\/strong><\/p>\r\n<p><a href=\"http:\/\/bonycom.hu\/wp-content\/uploads\/2013\/01\/vallalkozasi-szerzodes_1.-sz.-modositas_parkolo.pdf\">V\u00e1llalkoz\u00e1si szerz\u0151d\u00e9s m\u00f3dos\u00edt\u00e1s<\/a><\/p>\r\n<p><span style=\"text-decoration: underline;\"><strong>Piac parkol\u00f3 j\u00e1rda VSZ k\u00f6lts\u00e9gvet\u00e9ssel<\/strong><\/span><\/p>\r\n<p><a href=\"http:\/\/bonycom.hu\/wp-content\/uploads\/2013\/01\/piac_parkolo_jarda_vsz_koeltsegvetessel.pdf\">V\u00e1llalkoz\u00e1si szerz\u0151d\u00e9s<\/a><\/p>\r\n<h2><span style=\"font-size: 16px;\"><span style=\"text-decoration: underline;\">V\u00f6lgys\u00e9gi Ipari Park csarnok\u00e9p\u00edt\u00e9s\u00a0&#8211; k<\/span><span style=\"text-decoration: underline;\">\u00f6zbeszerz\u00e9s:<\/span><\/span><\/h2>\r\n<p><a href=\"https:\/\/drive.google.com\/open?id=0B1G-v6j-z9zNQjBXbTZaM2N1Qk0\" target=\"_blank\">Bonyh\u00e1d csarnok\u00e9p\u00edt\u00e9s k\u00f6zbeszerz\u00e9si dokument\u00e1ci\u00f3<\/a><\/p>\r\n<p><a href=\"https:\/\/drive.google.com\/open?id=0B1G-v6j-z9zNYWVKRVJ4cnVhZTg\" target=\"_blank\">M\u00f3dos\u00edtott k\u00f6zbeszerz\u00e9si dokument\u00e1ci\u00f3 Bonyh\u00e1d csarnok\u00e9p\u00edt\u00e9s<\/a><\/p>\r\n<h2><span style=\"text-decoration: underline; font-size: 16px;\">V\u00f6lgys\u00e9gi Ipari Park csarnok\u00e9p\u00edt\u00e9s\u00a0&#8211; megism\u00e9telt k\u00f6zbeszerz\u00e9s:<\/span><\/h2>\r\n<p><a href=\"https:\/\/drive.google.com\/open?id=0B2Qs0-BHCmdRcGRVb2ZHN2NIdUk\" target=\"_blank\">Bonyh\u00e1d csarnok\u00e9p\u00edt\u00e9s megism\u00e9telt k\u00f6zbeszerz\u00e9si dokument\u00e1ci\u00f3<\/a><\/p>\r\n<p><a href=\"http:\/\/bonycom.hu\/wp-content\/uploads\/2013\/01\/felkert_gazdasagi_szereplok.pdf\" target=\"_blank\">Felk\u00e9rt gazdas\u00e1gi szerepl\u0151k<\/a><\/p>\r\n<p><a href=\"http:\/\/bonycom.hu\/wp-content\/uploads\/2013\/01\/bontasi_jegyzokonyv.pdf\" target=\"_blank\">Bont\u00e1si jegyz\u0151k\u00f6nyv<\/a><\/p>\r\n<h2><span style=\"text-decoration: underline; font-size: 16px;\">V\u00f6lgys\u00e9gi Ipari Park csarnok\u00e9p\u00edt\u00e9s &#8211; v\u00e1llakoz\u00e1si szerz\u0151d\u00e9s:<\/span><\/h2>\r\n<a href=\"http:\/\/bonycom.hu\/old\/?ddownload=10053\" title=\"TOP-1.1.1-15-TL1-2016-00006 - V\u00e1llalkoz\u00e1si szerz\u0151d\u00e9s\" rel=\"nofollow\" class=\"ddownload-button button-blue id-10053 ext-pdf\">TOP-1.1.1-15-TL1-2016-00006 - V\u00e1llalkoz\u00e1si szerz\u0151d\u00e9s<\/a>","protected":false},"excerpt":{"rendered":"Piac parkol\u00f3 &#8211;\u00a0V\u00e1llalkoz\u00e1si szerz\u0151d\u00e9s m\u00f3dos\u00edt\u00e1s V\u00e1llalkoz\u00e1si szerz\u0151d\u00e9s m\u00f3dos\u00edt\u00e1s Piac parkol\u00f3 j\u00e1rda VSZ k\u00f6lts\u00e9gvet\u00e9ssel V\u00e1llalkoz\u00e1si szerz\u0151d\u00e9s V\u00f6lgys\u00e9gi Ipari Park csarnok\u00e9p\u00edt\u00e9s\u00a0&#8211; k\u00f6zbeszerz\u00e9s: Bonyh\u00e1d csarnok\u00e9p\u00edt\u00e9s k\u00f6zbeszerz\u00e9si dokument\u00e1ci\u00f3 M\u00f3dos\u00edtott k\u00f6zbeszerz\u00e9si dokument\u00e1ci\u00f3 Bonyh\u00e1d csarnok\u00e9p\u00edt\u00e9s V\u00f6lgys\u00e9gi Ipari Park csarnok\u00e9p\u00edt\u00e9s\u00a0&#8211; megism\u00e9telt k\u00f6zbeszerz\u00e9s: Bonyh\u00e1d csarnok\u00e9p\u00edt\u00e9s megism\u00e9telt k\u00f6zbeszerz\u00e9si dokument\u00e1ci\u00f3<span class=\"ellipsis\">&hellip;<\/span><div class=\"read-more\"><a href=\"http:\/\/bonycom.hu\/old\/kozbeszerzes\/dokumentumtar\/\">Tov\u00e1bb \u203a<\/a><\/div><!-- end of .read-more -->","protected":false},"author":3,"featured_media":0,"parent":60,"menu_order":0,"comment_status":"closed","ping_status":"closed","template":"","meta":{"_monsterinsights_skip_tracking":false,"_monsterinsights_sitenote_active":false,"_monsterinsights_sitenote_note":"","_monsterinsights_sitenote_category":0,"footnotes":""},"class_list":["post-192","page","type-page","status-publish","hentry"],"yoast_head":"<!-- This site is optimized with the Yoast SEO plugin v26.6 - https:\/\/yoast.com\/wordpress\/plugins\/seo\/ -->\n<title>Dokumentumt\u00e1r - Bonycom - Bonyh\u00e1di K\u00f6z\u00fczemi Nonprofit Kft.<\/title>\n<meta name=\"robots\" content=\"index, follow, max-snippet:-1, max-image-preview:large, max-video-preview:-1\" \/>\n<link rel=\"canonical\" href=\"http:\/\/bonycom.hu\/old\/kozbeszerzes\/dokumentumtar\/\" \/>\n<meta property=\"og:locale\" content=\"hu_HU\" \/>\n<meta property=\"og:type\" content=\"article\" \/>\n<meta property=\"og:title\" content=\"Dokumentumt\u00e1r - Bonycom - Bonyh\u00e1di K\u00f6z\u00fczemi Nonprofit Kft.\" \/>\n<meta property=\"og:description\" content=\"Piac parkol\u00f3 &#8211;\u00a0V\u00e1llalkoz\u00e1si szerz\u0151d\u00e9s m\u00f3dos\u00edt\u00e1s V\u00e1llalkoz\u00e1si szerz\u0151d\u00e9s m\u00f3dos\u00edt\u00e1s Piac parkol\u00f3 j\u00e1rda VSZ k\u00f6lts\u00e9gvet\u00e9ssel V\u00e1llalkoz\u00e1si szerz\u0151d\u00e9s V\u00f6lgys\u00e9gi Ipari Park csarnok\u00e9p\u00edt\u00e9s\u00a0&#8211; k\u00f6zbeszerz\u00e9s: Bonyh\u00e1d csarnok\u00e9p\u00edt\u00e9s k\u00f6zbeszerz\u00e9si dokument\u00e1ci\u00f3 M\u00f3dos\u00edtott k\u00f6zbeszerz\u00e9si dokument\u00e1ci\u00f3 Bonyh\u00e1d csarnok\u00e9p\u00edt\u00e9s V\u00f6lgys\u00e9gi Ipari Park csarnok\u00e9p\u00edt\u00e9s\u00a0&#8211; megism\u00e9telt k\u00f6zbeszerz\u00e9s: Bonyh\u00e1d csarnok\u00e9p\u00edt\u00e9s megism\u00e9telt k\u00f6zbeszerz\u00e9si dokument\u00e1ci\u00f3&hellip;Tov\u00e1bb \u203a\" \/>\n<meta property=\"og:url\" content=\"http:\/\/bonycom.hu\/old\/kozbeszerzes\/dokumentumtar\/\" \/>\n<meta property=\"og:site_name\" content=\"Bonycom - Bonyh\u00e1di K\u00f6z\u00fczemi Nonprofit Kft.\" \/>\n<meta property=\"article:modified_time\" content=\"2025-03-17T14:12:57+00:00\" \/>\n<meta name=\"twitter:label1\" content=\"Becs\u00fclt olvas\u00e1si id\u0151\" \/>\n\t<meta name=\"twitter:data1\" content=\"1 perc\" \/>\n<!-- \/ Yoast SEO plugin. -->","yoast_head_json":{"title":"Dokumentumt\u00e1r - Bonycom - Bonyh\u00e1di K\u00f6z\u00fczemi Nonprofit Kft.","robots":{"index":"index","follow":"follow","max-snippet":"max-snippet:-1","max-image-preview":"max-image-preview:large","max-video-preview":"max-video-preview:-1"},"canonical":"http:\/\/bonycom.hu\/old\/kozbeszerzes\/dokumentumtar\/","og_locale":"hu_HU","og_type":"article","og_title":"Dokumentumt\u00e1r - Bonycom - Bonyh\u00e1di K\u00f6z\u00fczemi Nonprofit Kft.","og_description":"Piac parkol\u00f3 &#8211;\u00a0V\u00e1llalkoz\u00e1si szerz\u0151d\u00e9s m\u00f3dos\u00edt\u00e1s V\u00e1llalkoz\u00e1si szerz\u0151d\u00e9s m\u00f3dos\u00edt\u00e1s Piac parkol\u00f3 j\u00e1rda VSZ k\u00f6lts\u00e9gvet\u00e9ssel V\u00e1llalkoz\u00e1si szerz\u0151d\u00e9s V\u00f6lgys\u00e9gi Ipari Park csarnok\u00e9p\u00edt\u00e9s\u00a0&#8211; k\u00f6zbeszerz\u00e9s: Bonyh\u00e1d csarnok\u00e9p\u00edt\u00e9s k\u00f6zbeszerz\u00e9si dokument\u00e1ci\u00f3 M\u00f3dos\u00edtott k\u00f6zbeszerz\u00e9si dokument\u00e1ci\u00f3 Bonyh\u00e1d csarnok\u00e9p\u00edt\u00e9s V\u00f6lgys\u00e9gi Ipari Park csarnok\u00e9p\u00edt\u00e9s\u00a0&#8211; megism\u00e9telt k\u00f6zbeszerz\u00e9s: Bonyh\u00e1d csarnok\u00e9p\u00edt\u00e9s megism\u00e9telt k\u00f6zbeszerz\u00e9si dokument\u00e1ci\u00f3&hellip;Tov\u00e1bb \u203a","og_url":"http:\/\/bonycom.hu\/old\/kozbeszerzes\/dokumentumtar\/","og_site_name":"Bonycom - Bonyh\u00e1di K\u00f6z\u00fczemi Nonprofit Kft.","article_modified_time":"2025-03-17T14:12:57+00:00","twitter_misc":{"Becs\u00fclt olvas\u00e1si id\u0151":"1 perc"},"schema":{"@context":"https:\/\/schema.org","@graph":[{"@type":"WebPage","@id":"http:\/\/bonycom.hu\/old\/kozbeszerzes\/dokumentumtar\/","url":"http:\/\/bonycom.hu\/old\/kozbeszerzes\/dokumentumtar\/","name":"Dokumentumt\u00e1r - Bonycom - Bonyh\u00e1di K\u00f6z\u00fczemi Nonprofit Kft.","isPartOf":{"@id":"https:\/\/bonycom.hu\/old\/#website"},"datePublished":"2013-01-18T18:45:16+00:00","dateModified":"2025-03-17T14:12:57+00:00","breadcrumb":{"@id":"http:\/\/bonycom.hu\/old\/kozbeszerzes\/dokumentumtar\/#breadcrumb"},"inLanguage":"hu","potentialAction":[{"@type":"ReadAction","target":["http:\/\/bonycom.hu\/old\/kozbeszerzes\/dokumentumtar\/"]}]},{"@type":"BreadcrumbList","@id":"http:\/\/bonycom.hu\/old\/kozbeszerzes\/dokumentumtar\/#breadcrumb","itemListElement":[{"@type":"ListItem","position":1,"name":"Home","item":"https:\/\/bonycom.hu\/old\/"},{"@type":"ListItem","position":2,"name":"K\u00d6ZBESZERZ\u00c9S","item":"https:\/\/bonycom.hu\/old\/kozbeszerzes\/"},{"@type":"ListItem","position":3,"name":"Dokumentumt\u00e1r"}]},{"@type":"WebSite","@id":"https:\/\/bonycom.hu\/old\/#website","url":"https:\/\/bonycom.hu\/old\/","name":"Bonycom - Bonyh\u00e1di K\u00f6z\u00fczemi Nonprofit Kft.","description":"","inLanguage":"hu"}]}},"_links":{"self":[{"href":"http:\/\/bonycom.hu\/old\/wp-json\/wp\/v2\/pages\/192","targetHints":{"allow":["GET"]}}],"collection":[{"href":"http:\/\/bonycom.hu\/old\/wp-json\/wp\/v2\/pages"}],"about":[{"href":"http:\/\/bonycom.hu\/old\/wp-json\/wp\/v2\/types\/page"}],"author":[{"embeddable":true,"href":"http:\/\/bonycom.hu\/old\/wp-json\/wp\/v2\/users\/3"}],"replies":[{"embeddable":true,"href":"http:\/\/bonycom.hu\/old\/wp-json\/wp\/v2\/comments?post=192"}],"version-history":[{"count":17,"href":"http:\/\/bonycom.hu\/old\/wp-json\/wp\/v2\/pages\/192\/revisions"}],"predecessor-version":[{"id":10404,"href":"http:\/\/bonycom.hu\/old\/wp-json\/wp\/v2\/pages\/192\/revisions\/10404"}],"up":[{"embeddable":true,"href":"http:\/\/bonycom.hu\/old\/wp-json\/wp\/v2\/pages\/60"}],"wp:attachment":[{"href":"http:\/\/bonycom.hu\/old\/wp-json\/wp\/v2\/media?parent=192"}],"curies":[{"name":"wp","href":"https:\/\/api.w.org\/{rel}","templated":true}]}}

Dokumentumtár

<p><strong>Piac parkoló &#8211; Vállalkozási szerződés módosítás</strong></p>
<p><a href="http://bonycom.hu/wp-content/uploads/2013/01/vallalkozasi-szerzodes_1.-sz.-modositas_parkolo.pdf">Vállalkozási szerződés módosítás</a></p>
<p><span style="text-decoration: underline;"><strong>Piac parkoló járda VSZ költségvetéssel</strong></span></p>
<p><a href="http://bonycom.hu/wp-content/uploads/2013/01/piac_parkolo_jarda_vsz_koeltsegvetessel.pdf">Vállalkozási szerződés</a></p>
<h2><span style="font-size: 16px;"><span style="text-decoration: underline;">Völgységi Ipari Park csarnoképítés &#8211; k</span><span style="text-decoration: underline;">özbeszerzés:</span></span></h2>
<p><a href="https://drive.google.com/open?id=0B1G-v6j-z9zNQjBXbTZaM2N1Qk0" target="_blank">Bonyhád csarnoképítés közbeszerzési dokumentáció</a></p>
<p><a href="https://drive.google.com/open?id=0B1G-v6j-z9zNYWVKRVJ4cnVhZTg" target="_blank">Módosított közbeszerzési dokumentáció Bonyhád csarnoképítés</a></p>
<h2><span style="text-decoration: underline; font-size: 16px;">Völgységi Ipari Park csarnoképítés &#8211; megismételt közbeszerzés:</span></h2>
<p><a href="https://drive.google.com/open?id=0B2Qs0-BHCmdRcGRVb2ZHN2NIdUk" target="_blank">Bonyhád csarnoképítés megismételt közbeszerzési dokumentáció</a></p>
<p><a href="http://bonycom.hu/wp-content/uploads/2013/01/felkert_gazdasagi_szereplok.pdf" target="_blank">Felkért gazdasági szereplők</a></p>
<p><a href="http://bonycom.hu/wp-content/uploads/2013/01/bontasi_jegyzokonyv.pdf" target="_blank">Bontási jegyzőkönyv</a></p>
<h2><span style="text-decoration: underline; font-size: 16px;">Völgységi Ipari Park csarnoképítés &#8211; vállakozási szerződés:</span></h2>
<a href="http://bonycom.hu/old/?ddownload=10053" title="TOP-1.1.1-15-TL1-2016-00006 - Vállalkozási szerződés" rel="nofollow" class="ddownload-button button-blue id-10053 ext-pdf">TOP-1.1.1-15-TL1-2016-00006 - Vállalkozási szerződés</a>

Piac parkoló &#8211; Vállalkozási szerződés módosítás Vállalkozási szerződés módosítás Piac parkoló járda VSZ költségvetéssel Vállalkozási szerződés Völgységi Ipari Park csarnoképítés &#8211; közbeszerzés: Bonyhád csarnoképítés közbeszerzési dokumentáció Módosított közbeszerzési dokumentáció Bonyhád csarnoképítés Völgységi Ipari Park csarnoképítés &#8211; megismételt közbeszerzés: Bonyhád csarnoképítés megismételt közbeszerzési dokumentáció<span class="ellipsis">&hellip;</span><div class="read-more"><a href="http://bonycom.hu/old/kozbeszerzes/dokumentumtar/">Tovább ›</a></div><!-- end of .read-more -->

<!-- This site is optimized with the Yoast SEO plugin v26.6 - https://yoast.com/wordpress/plugins/seo/ -->
<title>Dokumentumtár - Bonycom - Bonyhádi Közüzemi Nonprofit Kft.</title>
<meta name="robots" content="index, follow, max-snippet:-1, max-image-preview:large, max-video-preview:-1" />
<link rel="canonical" href="http://bonycom.hu/old/kozbeszerzes/dokumentumtar/" />
<meta property="og:locale" content="hu_HU" />
<meta property="og:type" content="article" />
<meta property="og:title" content="Dokumentumtár - Bonycom - Bonyhádi Közüzemi Nonprofit Kft." />
<meta property="og:description" content="Piac parkoló &#8211; Vállalkozási szerződés módosítás Vállalkozási szerződés módosítás Piac parkoló járda VSZ költségvetéssel Vállalkozási szerződés Völgységi Ipari Park csarnoképítés &#8211; közbeszerzés: Bonyhád csarnoképítés közbeszerzési dokumentáció Módosított közbeszerzési dokumentáció Bonyhád csarnoképítés Völgységi Ipari Park csarnoképítés &#8211; megismételt közbeszerzés: Bonyhád csarnoképítés megismételt közbeszerzési dokumentáció&hellip;Tovább ›" />
<meta property="og:url" content="http://bonycom.hu/old/kozbeszerzes/dokumentumtar/" />
<meta property="og:site_name" content="Bonycom - Bonyhádi Közüzemi Nonprofit Kft." />
<meta property="article:modified_time" content="2025-03-17T14:12:57+00:00" />
<meta name="twitter:label1" content="Becsült olvasási idő" />
	<meta name="twitter:data1" content="1 perc" />
<!-- / Yoast SEO plugin. -->

Dokumentumtár - Bonycom - Bonyhádi Közüzemi Nonprofit Kft.

Piac parkoló &#8211; Vállalkozási szerződés módosítás Vállalkozási szerződés módosítás Piac parkoló járda VSZ költségvetéssel Vállalkozási szerződés Völgységi Ipari Park csarnoképítés &#8211; közbeszerzés: Bonyhád csarnoképítés közbeszerzési dokumentáció Módosított közbeszerzési dokumentáció Bonyhád csarnoképítés Völgységi Ipari Park csarnoképítés &#8211; megismételt közbeszerzés: Bonyhád csarnoképítés megismételt közbeszerzési dokumentáció&hellip;Tovább ›

Bonycom - Bonyhádi Közüzemi Nonprofit Kft.

KÖZBESZERZÉS
