	{"id":441,"date":"2017-06-26T18:27:14","date_gmt":"2017-06-26T16:27:14","guid":{"rendered":"http:\/\/bonycom.hu\/?page_id=441"},"modified":"2024-07-01T10:51:30","modified_gmt":"2024-07-01T08:51:30","slug":"termalfurdo-uzemeltetes","status":"publish","type":"page","link":"http:\/\/bonycom.hu\/old\/tevekenysegeink\/termalfurdo-uzemeltetes\/","title":{"rendered":"Term\u00e1lf\u00fcrd\u0151 \u00fczemeltet\u00e9s"},"content":{"rendered":"<p>\u00a0<a href=\"http:\/\/bonycom.hu\/tevekenysegeink\/termalfurdo-uzemeltetes\/attachment\/termalfurdo_prospektus_2\/\"><img loading=\"lazy\" decoding=\"async\" class=\"alignnone wp-image-9957 size-medium\" height=\"300\" src=\"http:\/\/bonycom.hu\/wp-content\/uploads\/2013\/03\/termalfurdo_prospektus_2-143x300.jpg\" width=\"143\" srcset=\"http:\/\/bonycom.hu\/old\/wp-content\/uploads\/2013\/03\/termalfurdo_prospektus_2-143x300.jpg 143w, http:\/\/bonycom.hu\/old\/wp-content\/uploads\/2013\/03\/termalfurdo_prospektus_2.jpg 428w, http:\/\/bonycom.hu\/old\/wp-content\/uploads\/2013\/03\/termalfurdo_prospektus_2-95x200.jpg 95w, http:\/\/bonycom.hu\/old\/wp-content\/uploads\/2013\/03\/termalfurdo_prospektus_2-190x400.jpg 190w\" sizes=\"auto, (max-width: 143px) 100vw, 143px\" \/><\/a><a href=\"http:\/\/bonycom.hu\/tevekenysegeink\/termalfurdo-uzemeltetes\/attachment\/termalfurdo_prospektus_1\/\"><img loading=\"lazy\" decoding=\"async\" class=\"alignnone wp-image-9958 size-medium\" height=\"300\" src=\"http:\/\/bonycom.hu\/wp-content\/uploads\/2013\/03\/termalfurdo_prospektus_1-143x300.jpg\" width=\"143\" srcset=\"http:\/\/bonycom.hu\/old\/wp-content\/uploads\/2013\/03\/termalfurdo_prospektus_1-143x300.jpg 143w, http:\/\/bonycom.hu\/old\/wp-content\/uploads\/2013\/03\/termalfurdo_prospektus_1.jpg 428w, http:\/\/bonycom.hu\/old\/wp-content\/uploads\/2013\/03\/termalfurdo_prospektus_1-95x200.jpg 95w, http:\/\/bonycom.hu\/old\/wp-content\/uploads\/2013\/03\/termalfurdo_prospektus_1-190x400.jpg 190w\" sizes=\"auto, (max-width: 143px) 100vw, 143px\" \/><\/a><\/p>\r\n<p style=\"text-align: justify;\"><span style=\"color: #3366ff; font-size: 16px;\">A bonyh\u00e1di term\u00e1lf\u00fcrd\u0151 pr\u00f3ba\u00fczeme a 2012-ben lez\u00e1rult, melynek tapasztalatai alapj\u00e1n a v\u00edztechnol\u00f3giai rendszer kisebb \u00e1talak\u00edt\u00e1s\u00e1ra, kieg\u00e9sz\u00edt\u00e9s\u00e9re ker\u00fclt sor. C\u00e9lunk az volt, hogy a v\u00edzmin\u0151s\u00e9g kevesebb vegyszerhaszn\u00e1lattal, tart\u00f3san \u00e9s stabilan biztos\u00edthat\u00f3 legyen, tov\u00e1bb\u00e1 a 2012-ben felmer\u00fclt alg\u00e1sod\u00e1si \u00e9s v\u00edzk\u00f6vesed\u00e9si probl\u00e9m\u00e1k sz\u0171njenek meg. A munk\u00e1latok 2013-j\u0151lius\u00e1ban befejez\u0151dtek \u00e9s a f\u00fcrd\u0151 a megnyitotta kapuit a vend\u00e9gek el\u0151tt.<\/span><\/p>\r\n<p>&nbsp;<\/p>\r\n<p><a href=\"http:\/\/bonycom.hu\/wp-content\/uploads\/2017\/06\/furdo_plakat_2018.jpg\"><img loading=\"lazy\" decoding=\"async\" class=\"wp-image-10194 size-medium aligncenter\" height=\"212\" src=\"http:\/\/bonycom.hu\/wp-content\/uploads\/2017\/06\/furdo_plakat_2018-300x212.jpg\" title=\"Nagy\u00edt\u00e1s\" width=\"300\" srcset=\"http:\/\/bonycom.hu\/old\/wp-content\/uploads\/2017\/06\/furdo_plakat_2018-300x212.jpg 300w, http:\/\/bonycom.hu\/old\/wp-content\/uploads\/2017\/06\/furdo_plakat_2018-768x543.jpg 768w, http:\/\/bonycom.hu\/old\/wp-content\/uploads\/2017\/06\/furdo_plakat_2018-900x636.jpg 900w, http:\/\/bonycom.hu\/old\/wp-content\/uploads\/2017\/06\/furdo_plakat_2018-200x141.jpg 200w, http:\/\/bonycom.hu\/old\/wp-content\/uploads\/2017\/06\/furdo_plakat_2018-400x283.jpg 400w\" sizes=\"auto, (max-width: 300px) 100vw, 300px\" \/><\/a><\/p>\r\n<p class=\"center last\" style=\"text-align: center;\"><strong>Nyitva:<\/strong><\/p>\r\n<p class=\"center last\" style=\"text-align: center;\"><strong>H\u00e9tf\u0151:\u00a0<\/strong><strong>11:00 &#8211; 20:00<\/strong><\/p>\r\n<p class=\"center last\" style=\"text-align: center;\"><strong>Keddt\u0151l &#8211; vas\u00e1rnapig<\/strong><br \/>\r\n <strong>09:00 &#8211; 20:00<\/strong><\/p>\r\n<p class=\"center last\" style=\"text-align: center;\"><strong>Reggeli \u00fasz\u00e1s kedd, szerda, cs\u00fct\u00f6rt\u00f6k, p\u00e9ntek<\/strong><br \/>\r\n <strong>06:00 &#8211; 07:30<\/strong><\/p>\r\n<p class=\"center last\" style=\"text-align: center;\"><strong>\u00c9jszakai f\u00fcrd\u0151z\u00e9s szombatonk\u00e9nt\u00a0<\/strong><strong>el\u0151re meghirdetett id\u0151pontban<\/strong><br \/>\r\n <strong>20:00 &#8211; 23:30<\/strong><\/p>","protected":false},"excerpt":{"rendered":"\u00a0 A bonyh\u00e1di term\u00e1lf\u00fcrd\u0151 pr\u00f3ba\u00fczeme a 2012-ben lez\u00e1rult, melynek tapasztalatai alapj\u00e1n a v\u00edztechnol\u00f3giai rendszer kisebb \u00e1talak\u00edt\u00e1s\u00e1ra, kieg\u00e9sz\u00edt\u00e9s\u00e9re ker\u00fclt sor. C\u00e9lunk az volt, hogy a v\u00edzmin\u0151s\u00e9g kevesebb vegyszerhaszn\u00e1lattal, tart\u00f3san \u00e9s stabilan biztos\u00edthat\u00f3 legyen, tov\u00e1bb\u00e1 a 2012-ben felmer\u00fclt alg\u00e1sod\u00e1si \u00e9s v\u00edzk\u00f6vesed\u00e9si probl\u00e9m\u00e1k<span class=\"ellipsis\">&hellip;<\/span><div class=\"read-more\"><a href=\"http:\/\/bonycom.hu\/old\/tevekenysegeink\/termalfurdo-uzemeltetes\/\">Tov\u00e1bb \u203a<\/a><\/div><!-- end of .read-more -->","protected":false},"author":4,"featured_media":0,"parent":174,"menu_order":0,"comment_status":"closed","ping_status":"closed","template":"","meta":{"_monsterinsights_skip_tracking":false,"_monsterinsights_sitenote_active":false,"_monsterinsights_sitenote_note":"","_monsterinsights_sitenote_category":0,"footnotes":""},"class_list":["post-441","page","type-page","status-publish","hentry"],"yoast_head":"<!-- This site is optimized with the Yoast SEO plugin v26.6 - https:\/\/yoast.com\/wordpress\/plugins\/seo\/ -->\n<title>Term\u00e1lf\u00fcrd\u0151 \u00fczemeltet\u00e9s - Bonycom - Bonyh\u00e1di K\u00f6z\u00fczemi Nonprofit Kft.<\/title>\n<meta name=\"robots\" content=\"index, follow, max-snippet:-1, max-image-preview:large, max-video-preview:-1\" \/>\n<link rel=\"canonical\" href=\"http:\/\/bonycom.hu\/old\/tevekenysegeink\/termalfurdo-uzemeltetes\/\" \/>\n<meta property=\"og:locale\" content=\"hu_HU\" \/>\n<meta property=\"og:type\" content=\"article\" \/>\n<meta property=\"og:title\" content=\"Term\u00e1lf\u00fcrd\u0151 \u00fczemeltet\u00e9s - Bonycom - Bonyh\u00e1di K\u00f6z\u00fczemi Nonprofit Kft.\" \/>\n<meta property=\"og:description\" content=\"\u00a0 A bonyh\u00e1di term\u00e1lf\u00fcrd\u0151 pr\u00f3ba\u00fczeme a 2012-ben lez\u00e1rult, melynek tapasztalatai alapj\u00e1n a v\u00edztechnol\u00f3giai rendszer kisebb \u00e1talak\u00edt\u00e1s\u00e1ra, kieg\u00e9sz\u00edt\u00e9s\u00e9re ker\u00fclt sor. C\u00e9lunk az volt, hogy a v\u00edzmin\u0151s\u00e9g kevesebb vegyszerhaszn\u00e1lattal, tart\u00f3san \u00e9s stabilan biztos\u00edthat\u00f3 legyen, tov\u00e1bb\u00e1 a 2012-ben felmer\u00fclt alg\u00e1sod\u00e1si \u00e9s v\u00edzk\u00f6vesed\u00e9si probl\u00e9m\u00e1k&hellip;Tov\u00e1bb \u203a\" \/>\n<meta property=\"og:url\" content=\"http:\/\/bonycom.hu\/old\/tevekenysegeink\/termalfurdo-uzemeltetes\/\" \/>\n<meta property=\"og:site_name\" content=\"Bonycom - Bonyh\u00e1di K\u00f6z\u00fczemi Nonprofit Kft.\" \/>\n<meta property=\"article:modified_time\" content=\"2024-07-01T08:51:30+00:00\" \/>\n<meta property=\"og:image\" content=\"http:\/\/bonycom.hu\/wp-content\/uploads\/2013\/03\/termalfurdo_prospektus_2-143x300.jpg\" \/>\n<meta name=\"twitter:label1\" content=\"Becs\u00fclt olvas\u00e1si id\u0151\" \/>\n\t<meta name=\"twitter:data1\" content=\"1 perc\" \/>\n<!-- \/ Yoast SEO plugin. -->","yoast_head_json":{"title":"Term\u00e1lf\u00fcrd\u0151 \u00fczemeltet\u00e9s - Bonycom - Bonyh\u00e1di K\u00f6z\u00fczemi Nonprofit Kft.","robots":{"index":"index","follow":"follow","max-snippet":"max-snippet:-1","max-image-preview":"max-image-preview:large","max-video-preview":"max-video-preview:-1"},"canonical":"http:\/\/bonycom.hu\/old\/tevekenysegeink\/termalfurdo-uzemeltetes\/","og_locale":"hu_HU","og_type":"article","og_title":"Term\u00e1lf\u00fcrd\u0151 \u00fczemeltet\u00e9s - Bonycom - Bonyh\u00e1di K\u00f6z\u00fczemi Nonprofit Kft.","og_description":"\u00a0 A bonyh\u00e1di term\u00e1lf\u00fcrd\u0151 pr\u00f3ba\u00fczeme a 2012-ben lez\u00e1rult, melynek tapasztalatai alapj\u00e1n a v\u00edztechnol\u00f3giai rendszer kisebb \u00e1talak\u00edt\u00e1s\u00e1ra, kieg\u00e9sz\u00edt\u00e9s\u00e9re ker\u00fclt sor. C\u00e9lunk az volt, hogy a v\u00edzmin\u0151s\u00e9g kevesebb vegyszerhaszn\u00e1lattal, tart\u00f3san \u00e9s stabilan biztos\u00edthat\u00f3 legyen, tov\u00e1bb\u00e1 a 2012-ben felmer\u00fclt alg\u00e1sod\u00e1si \u00e9s v\u00edzk\u00f6vesed\u00e9si probl\u00e9m\u00e1k&hellip;Tov\u00e1bb \u203a","og_url":"http:\/\/bonycom.hu\/old\/tevekenysegeink\/termalfurdo-uzemeltetes\/","og_site_name":"Bonycom - Bonyh\u00e1di K\u00f6z\u00fczemi Nonprofit Kft.","article_modified_time":"2024-07-01T08:51:30+00:00","og_image":[{"url":"http:\/\/bonycom.hu\/wp-content\/uploads\/2013\/03\/termalfurdo_prospektus_2-143x300.jpg","type":"","width":"","height":""}],"twitter_misc":{"Becs\u00fclt olvas\u00e1si id\u0151":"1 perc"},"schema":{"@context":"https:\/\/schema.org","@graph":[{"@type":"WebPage","@id":"http:\/\/bonycom.hu\/old\/tevekenysegeink\/termalfurdo-uzemeltetes\/","url":"http:\/\/bonycom.hu\/old\/tevekenysegeink\/termalfurdo-uzemeltetes\/","name":"Term\u00e1lf\u00fcrd\u0151 \u00fczemeltet\u00e9s - Bonycom - Bonyh\u00e1di K\u00f6z\u00fczemi Nonprofit Kft.","isPartOf":{"@id":"https:\/\/bonycom.hu\/old\/#website"},"primaryImageOfPage":{"@id":"http:\/\/bonycom.hu\/old\/tevekenysegeink\/termalfurdo-uzemeltetes\/#primaryimage"},"image":{"@id":"http:\/\/bonycom.hu\/old\/tevekenysegeink\/termalfurdo-uzemeltetes\/#primaryimage"},"thumbnailUrl":"http:\/\/bonycom.hu\/wp-content\/uploads\/2013\/03\/termalfurdo_prospektus_2-143x300.jpg","datePublished":"2017-06-26T16:27:14+00:00","dateModified":"2024-07-01T08:51:30+00:00","breadcrumb":{"@id":"http:\/\/bonycom.hu\/old\/tevekenysegeink\/termalfurdo-uzemeltetes\/#breadcrumb"},"inLanguage":"hu","potentialAction":[{"@type":"ReadAction","target":["http:\/\/bonycom.hu\/old\/tevekenysegeink\/termalfurdo-uzemeltetes\/"]}]},{"@type":"ImageObject","inLanguage":"hu","@id":"http:\/\/bonycom.hu\/old\/tevekenysegeink\/termalfurdo-uzemeltetes\/#primaryimage","url":"http:\/\/bonycom.hu\/wp-content\/uploads\/2013\/03\/termalfurdo_prospektus_2-143x300.jpg","contentUrl":"http:\/\/bonycom.hu\/wp-content\/uploads\/2013\/03\/termalfurdo_prospektus_2-143x300.jpg"},{"@type":"BreadcrumbList","@id":"http:\/\/bonycom.hu\/old\/tevekenysegeink\/termalfurdo-uzemeltetes\/#breadcrumb","itemListElement":[{"@type":"ListItem","position":1,"name":"Home","item":"https:\/\/bonycom.hu\/old\/"},{"@type":"ListItem","position":2,"name":"Tev\u00e9kenys\u00e9geink","item":"https:\/\/bonycom.hu\/old\/tevekenysegeink\/"},{"@type":"ListItem","position":3,"name":"Term\u00e1lf\u00fcrd\u0151 \u00fczemeltet\u00e9s"}]},{"@type":"WebSite","@id":"https:\/\/bonycom.hu\/old\/#website","url":"https:\/\/bonycom.hu\/old\/","name":"Bonycom - Bonyh\u00e1di K\u00f6z\u00fczemi Nonprofit Kft.","description":"","inLanguage":"hu"}]}},"_links":{"self":[{"href":"http:\/\/bonycom.hu\/old\/wp-json\/wp\/v2\/pages\/441","targetHints":{"allow":["GET"]}}],"collection":[{"href":"http:\/\/bonycom.hu\/old\/wp-json\/wp\/v2\/pages"}],"about":[{"href":"http:\/\/bonycom.hu\/old\/wp-json\/wp\/v2\/types\/page"}],"author":[{"embeddable":true,"href":"http:\/\/bonycom.hu\/old\/wp-json\/wp\/v2\/users\/4"}],"replies":[{"embeddable":true,"href":"http:\/\/bonycom.hu\/old\/wp-json\/wp\/v2\/comments?post=441"}],"version-history":[{"count":20,"href":"http:\/\/bonycom.hu\/old\/wp-json\/wp\/v2\/pages\/441\/revisions"}],"predecessor-version":[{"id":10341,"href":"http:\/\/bonycom.hu\/old\/wp-json\/wp\/v2\/pages\/441\/revisions\/10341"}],"up":[{"embeddable":true,"href":"http:\/\/bonycom.hu\/old\/wp-json\/wp\/v2\/pages\/174"}],"wp:attachment":[{"href":"http:\/\/bonycom.hu\/old\/wp-json\/wp\/v2\/media?parent=441"}],"curies":[{"name":"wp","href":"https:\/\/api.w.org\/{rel}","templated":true}]}}