	{"id":524,"date":"2013-03-27T13:40:12","date_gmt":"2013-03-27T12:40:12","guid":{"rendered":"http:\/\/bonycom.hu\/?page_id=524"},"modified":"2013-03-27T13:40:12","modified_gmt":"2013-03-27T12:40:12","slug":"rendezvenyekhez-kapcsolodo-munkak","status":"publish","type":"page","link":"http:\/\/bonycom.hu\/old\/rendezvenyekhez-kapcsolodo-munkak\/","title":{"rendered":"Rendezv\u00e9nyekhez kapcsol\u00f3d\u00f3 munk\u00e1k"},"content":{"rendered":"<p>Felt\u00f6lt\u00e9s alatt &#8230;<\/p>","protected":false},"excerpt":{"rendered":"Felt\u00f6lt\u00e9s alatt &#8230;","protected":false},"author":4,"featured_media":0,"parent":0,"menu_order":0,"comment_status":"closed","ping_status":"closed","template":"","meta":{"_monsterinsights_skip_tracking":false,"_monsterinsights_sitenote_active":false,"_monsterinsights_sitenote_note":"","_monsterinsights_sitenote_category":0,"footnotes":""},"class_list":["post-524","page","type-page","status-publish","hentry"],"yoast_head":"<!-- This site is optimized with the Yoast SEO plugin v26.6 - https:\/\/yoast.com\/wordpress\/plugins\/seo\/ -->\n<title>Rendezv\u00e9nyekhez kapcsol\u00f3d\u00f3 munk\u00e1k - Bonycom - Bonyh\u00e1di K\u00f6z\u00fczemi Nonprofit Kft.<\/title>\n<meta name=\"robots\" content=\"index, follow, max-snippet:-1, max-image-preview:large, max-video-preview:-1\" \/>\n<link rel=\"canonical\" href=\"http:\/\/bonycom.hu\/old\/rendezvenyekhez-kapcsolodo-munkak\/\" \/>\n<meta property=\"og:locale\" content=\"hu_HU\" \/>\n<meta property=\"og:type\" content=\"article\" \/>\n<meta property=\"og:title\" content=\"Rendezv\u00e9nyekhez kapcsol\u00f3d\u00f3 munk\u00e1k - Bonycom - Bonyh\u00e1di K\u00f6z\u00fczemi Nonprofit Kft.\" \/>\n<meta property=\"og:description\" content=\"Felt\u00f6lt\u00e9s alatt &#8230;\" \/>\n<meta property=\"og:url\" content=\"http:\/\/bonycom.hu\/old\/rendezvenyekhez-kapcsolodo-munkak\/\" \/>\n<meta property=\"og:site_name\" content=\"Bonycom - Bonyh\u00e1di K\u00f6z\u00fczemi Nonprofit Kft.\" \/>\n<!-- \/ Yoast SEO plugin. -->","yoast_head_json":{"title":"Rendezv\u00e9nyekhez kapcsol\u00f3d\u00f3 munk\u00e1k - Bonycom - Bonyh\u00e1di K\u00f6z\u00fczemi Nonprofit Kft.","robots":{"index":"index","follow":"follow","max-snippet":"max-snippet:-1","max-image-preview":"max-image-preview:large","max-video-preview":"max-video-preview:-1"},"canonical":"http:\/\/bonycom.hu\/old\/rendezvenyekhez-kapcsolodo-munkak\/","og_locale":"hu_HU","og_type":"article","og_title":"Rendezv\u00e9nyekhez kapcsol\u00f3d\u00f3 munk\u00e1k - Bonycom - Bonyh\u00e1di K\u00f6z\u00fczemi Nonprofit Kft.","og_description":"Felt\u00f6lt\u00e9s alatt &#8230;","og_url":"http:\/\/bonycom.hu\/old\/rendezvenyekhez-kapcsolodo-munkak\/","og_site_name":"Bonycom - Bonyh\u00e1di K\u00f6z\u00fczemi Nonprofit Kft.","schema":{"@context":"https:\/\/schema.org","@graph":[{"@type":"WebPage","@id":"http:\/\/bonycom.hu\/old\/rendezvenyekhez-kapcsolodo-munkak\/","url":"http:\/\/bonycom.hu\/old\/rendezvenyekhez-kapcsolodo-munkak\/","name":"Rendezv\u00e9nyekhez kapcsol\u00f3d\u00f3 munk\u00e1k - Bonycom - Bonyh\u00e1di K\u00f6z\u00fczemi Nonprofit Kft.","isPartOf":{"@id":"https:\/\/bonycom.hu\/old\/#website"},"datePublished":"2013-03-27T12:40:12+00:00","breadcrumb":{"@id":"http:\/\/bonycom.hu\/old\/rendezvenyekhez-kapcsolodo-munkak\/#breadcrumb"},"inLanguage":"hu","potentialAction":[{"@type":"ReadAction","target":["http:\/\/bonycom.hu\/old\/rendezvenyekhez-kapcsolodo-munkak\/"]}]},{"@type":"BreadcrumbList","@id":"http:\/\/bonycom.hu\/old\/rendezvenyekhez-kapcsolodo-munkak\/#breadcrumb","itemListElement":[{"@type":"ListItem","position":1,"name":"Home","item":"https:\/\/bonycom.hu\/old\/"},{"@type":"ListItem","position":2,"name":"Rendezv\u00e9nyekhez kapcsol\u00f3d\u00f3 munk\u00e1k"}]},{"@type":"WebSite","@id":"https:\/\/bonycom.hu\/old\/#website","url":"https:\/\/bonycom.hu\/old\/","name":"Bonycom - Bonyh\u00e1di K\u00f6z\u00fczemi Nonprofit Kft.","description":"","inLanguage":"hu"}]}},"_links":{"self":[{"href":"http:\/\/bonycom.hu\/old\/wp-json\/wp\/v2\/pages\/524","targetHints":{"allow":["GET"]}}],"collection":[{"href":"http:\/\/bonycom.hu\/old\/wp-json\/wp\/v2\/pages"}],"about":[{"href":"http:\/\/bonycom.hu\/old\/wp-json\/wp\/v2\/types\/page"}],"author":[{"embeddable":true,"href":"http:\/\/bonycom.hu\/old\/wp-json\/wp\/v2\/users\/4"}],"replies":[{"embeddable":true,"href":"http:\/\/bonycom.hu\/old\/wp-json\/wp\/v2\/comments?post=524"}],"version-history":[{"count":1,"href":"http:\/\/bonycom.hu\/old\/wp-json\/wp\/v2\/pages\/524\/revisions"}],"predecessor-version":[{"id":525,"href":"http:\/\/bonycom.hu\/old\/wp-json\/wp\/v2\/pages\/524\/revisions\/525"}],"wp:attachment":[{"href":"http:\/\/bonycom.hu\/old\/wp-json\/wp\/v2\/media?parent=524"}],"curies":[{"name":"wp","href":"https:\/\/api.w.org\/{rel}","templated":true}]}}